{"id":642,"date":"2025-10-15T21:43:20","date_gmt":"2025-10-15T21:43:20","guid":{"rendered":"https:\/\/mc.korty.org\/?page_id=642"},"modified":"2025-10-15T21:43:42","modified_gmt":"2025-10-15T21:43:42","slug":"mazowsze-cup-u12-7","status":"publish","type":"page","link":"https:\/\/mc.korty.org\/?page_id=642","title":{"rendered":"Mazowsze Cup U12"},"content":{"rendered":"<style>\n  .entry-content button,\n  .entry-content .wp-block-button__link {\n    margin-bottom: 2px;\n    display: inline-block; \n  }\n  .h4 { color: brown; }\n<\/style>\n<p><a href=\"#wyniki-chlopcy\"><button>CH12<\/button><\/a> <a href=\"#wyniki-dziewczeta\"><button>DZ12<\/button><\/a><\/p>\n<p><strong>Termin<\/strong>: 11.10.2025<br \/>\n<strong>Korty:<\/strong> AG TENIS Chorzowska<\/p>\n<p><!-- START: Ch\u0142opcy --><\/p>\n<h3 id=\"wyniki-chlopcy\">\ud83d\udc66 Ch\u0142opcy U12<\/h3>\n<h4>Faza grupowa<\/h4>\n<h5>Grupa A<\/h5>\n<table aria-label=\"Grupa A ch\u0142opcy U12\">\n<tbody>\n<tr>\n<td>Izbor Pawluk-Jaszczuk<\/td>\n<td>Ignacy Duliniec<\/td>\n<td>WO<\/td>\n<\/tr>\n<tr>\n<td>Wiktor \u0141ady\u017cy\u0144ski<\/td>\n<td>Ignacy Duliniec<\/td>\n<td>WO<\/td>\n<\/tr>\n<tr>\n<td>Izbor Pawluk-Jaszczuk<\/td>\n<td>Wiktor \u0141ady\u017cy\u0144ski<\/td>\n<td>4\/0 4\/2<\/td>\n<\/tr>\n<\/tbody>\n<\/table>\n<h5>Grupa B<\/h5>\n<table aria-label=\"Grupa B ch\u0142opcy U12\">\n<tbody>\n<tr>\n<td>Wiktor Wicherski<\/td>\n<td>Hugo G\u0142uszak<\/td>\n<td>4\/0 4\/0<\/td>\n<\/tr>\n<tr>\n<td>Wiktor Wicherski<\/td>\n<td>Piotr Nyc<\/td>\n<td>4\/3 4\/1<\/td>\n<\/tr>\n<tr>\n<td>Hugo G\u0142uszak<\/td>\n<td>Piotr Nyc<\/td>\n<td>4\/1 4\/1<\/td>\n<\/tr>\n<\/tbody>\n<\/table>\n<h5>Grupa C<\/h5>\n<table aria-label=\"Grupa C ch\u0142opcy U12\">\n<tbody>\n<tr>\n<td>Jan Sulima<\/td>\n<td>Antoni W\u00f3jtowicz<\/td>\n<td>4\/1 4\/0<\/td>\n<\/tr>\n<tr>\n<td>Jan Sulima<\/td>\n<td>Julian Kobza<\/td>\n<td>4\/0 4\/0<\/td>\n<\/tr>\n<tr>\n<td>Antoni W\u00f3jtowicz<\/td>\n<td>Julian Kobza<\/td>\n<td>4\/0 4\/0<\/td>\n<\/tr>\n<\/tbody>\n<\/table>\n<h4>Runda fina\u0142owa (grupy miejsc)<\/h4>\n<h5>Grupa o miejsca 1\u20133<\/h5>\n<table aria-label=\"Grupa o miejsca 1\u20133 ch\u0142opcy U12\">\n<tbody>\n<tr>\n<td>Jan Sulima<\/td>\n<td>Izbor Pawluk-Jaszczuk<\/td>\n<td>4\/2<\/td>\n<\/tr>\n<tr>\n<td>Jan Sulima<\/td>\n<td>Wiktor Wicherski<\/td>\n<td>4\/1<\/td>\n<\/tr>\n<tr>\n<td>Wiktor Wicherski<\/td>\n<td>Izbor Pawluk-Jaszczuk<\/td>\n<td>4\/3<\/td>\n<\/tr>\n<\/tbody>\n<\/table>\n<h5>Grupa o miejsca 4\u20136<\/h5>\n<table aria-label=\"Grupa o miejsca 4\u20136 ch\u0142opcy U12\">\n<tbody>\n<tr>\n<td>Wiktor \u0141ady\u017cy\u0144ski<\/td>\n<td>Antoni W\u00f3jtowicz<\/td>\n<td>4\/0<\/td>\n<\/tr>\n<tr>\n<td>Wiktor \u0141ady\u017cy\u0144ski<\/td>\n<td>Hugo G\u0142uszak<\/td>\n<td>4\/2<\/td>\n<\/tr>\n<tr>\n<td>Hugo G\u0142uszak<\/td>\n<td>Antoni W\u00f3jtowicz<\/td>\n<td>4\/3<\/td>\n<\/tr>\n<\/tbody>\n<\/table>\n<hr>\n<p><!-- START: Dziewcz\u0119ta --><\/p>\n<h3 id=\"wyniki-dziewczeta\">\ud83d\udc67 Dziewcz\u0119ta U12<\/h3>\n<h4>Faza grupowa<\/h4>\n<h5>Grupa A<\/h5>\n<table aria-label=\"Grupa A dziewcz\u0119ta U12\">\n<tbody>\n<tr>\n<td>Amelia Bluhm<\/td>\n<td>Sofia Sinkovska<\/td>\n<td>4\/0 4\/0<\/td>\n<\/tr>\n<tr>\n<td>Amelia Bluhm<\/td>\n<td>Maria St\u0119pie\u0144<\/td>\n<td>4\/0 4\/0<\/td>\n<\/tr>\n<tr>\n<td>Maria St\u0119pie\u0144<\/td>\n<td>Sofia Sinkovska<\/td>\n<td>4\/3 4\/2<\/td>\n<\/tr>\n<\/tbody>\n<\/table>\n<h5>Grupa B<\/h5>\n<table aria-label=\"Grupa B dziewcz\u0119ta U12\">\n<tbody>\n<tr>\n<td>Natalia Nowicka<\/td>\n<td>Lilia Aleksander<\/td>\n<td>4\/3 4\/0<\/td>\n<\/tr>\n<tr>\n<td>Natalia Nowicka<\/td>\n<td>Lena Mik\u0142aszewicz<\/td>\n<td>4\/0 4\/0<\/td>\n<\/tr>\n<tr>\n<td>Lilia Aleksander<\/td>\n<td>Lena Mik\u0142aszewicz<\/td>\n<td>4\/1 4\/0<\/td>\n<\/tr>\n<\/tbody>\n<\/table>\n<h5>Grupa C<\/h5>\n<table aria-label=\"Grupa C dziewcz\u0119ta U12\">\n<tbody>\n<tr>\n<td>Mira Khludova<\/td>\n<td>Lidia Wicik<\/td>\n<td>4\/0 4\/2<\/td>\n<\/tr>\n<tr>\n<td>Mira Khludova<\/td>\n<td>Karolina Buzor<\/td>\n<td>4\/3 4\/1<\/td>\n<\/tr>\n<tr>\n<td>Mira Khludova<\/td>\n<td>Mia Minich<\/td>\n<td>4\/0 4\/1<\/td>\n<\/tr>\n<tr>\n<td>Lidia Wicik<\/td>\n<td>Karolina Buzor<\/td>\n<td>4\/1 4\/3<\/td>\n<\/tr>\n<tr>\n<td>Lidia Wicik<\/td>\n<td>Mia Minich<\/td>\n<td>4\/2 4\/2<\/td>\n<\/tr>\n<tr>\n<td>Karolina Buzor<\/td>\n<td>Mia Minich<\/td>\n<td>4\/3 4\/1<\/td>\n<\/tr>\n<\/tbody>\n<\/table>\n<h4>Runda fina\u0142owa (grupy miejsc)<\/h4>\n<h5>Grupa o miejsca 1\u20133<\/h5>\n<table aria-label=\"Grupa o miejsca 1\u20133 dziewcz\u0119ta U12\">\n<tbody>\n<tr>\n<td>Natalia Nowicka<\/td>\n<td>Amelia Bluhm<\/td>\n<td>4\/0<\/td>\n<\/tr>\n<tr>\n<td>Natalia Nowicka<\/td>\n<td>Mira Khludova<\/td>\n<td>4\/0<\/td>\n<\/tr>\n<tr>\n<td>Amelia Bluhm<\/td>\n<td>Mira Khludova<\/td>\n<td>4\/1<\/td>\n<\/tr>\n<\/tbody>\n<\/table>\n<h5>Grupa o miejsca 4\u20136<\/h5>\n<table aria-label=\"Grupa o miejsca 4\u20136 dziewcz\u0119ta U12\">\n<tbody>\n<tr>\n<td>Lilia Aleksander<\/td>\n<td>Lidia Wicik<\/td>\n<td>4\/0<\/td>\n<\/tr>\n<tr>\n<td>Lilia Aleksander<\/td>\n<td>Maria St\u0119pie\u0144<\/td>\n<td>4\/0<\/td>\n<\/tr>\n<tr>\n<td>Lidia Wicik<\/td>\n<td>Maria St\u0119pie\u0144<\/td>\n<td>4\/2<\/td>\n<\/tr>\n<\/tbody>\n<\/table>\n","protected":false},"excerpt":{"rendered":"<p>CH12 DZ12 Termin: 11.10.2025 Korty: AG TENIS Chorzowska \ud83d\udc66 Ch\u0142opcy U12 Faza grupowa Grupa A Izbor Pawluk-Jaszczuk Ignacy Duliniec WO Wiktor \u0141ady\u017cy\u0144ski Ignacy Duliniec WO Izbor Pawluk-Jaszczuk Wiktor \u0141ady\u017cy\u0144ski 4\/0 4\/2 Grupa B Wiktor Wicherski Hugo G\u0142uszak 4\/0 4\/0 Wiktor Wicherski Piotr Nyc 4\/3 4\/1 Hugo G\u0142uszak Piotr Nyc 4\/1 4\/1 Grupa C Jan Sulima &#8230; <a title=\"Mazowsze Cup U12\" class=\"read-more\" href=\"https:\/\/mc.korty.org\/?page_id=642\" aria-label=\"Read more about Mazowsze Cup U12\">Dowiedz si\u0119 wi\u0119cej<\/a><\/p>\n","protected":false},"author":1,"featured_media":0,"parent":0,"menu_order":0,"comment_status":"closed","ping_status":"closed","template":"","meta":{"footnotes":""},"class_list":["post-642","page","type-page","status-publish"],"yoast_head":"<!-- This site is optimized with the Yoast SEO plugin v23.5 - https:\/\/yoast.com\/wordpress\/plugins\/seo\/ -->\n<title>Mazowsze Cup U12 -<\/title>\n<meta name=\"robots\" content=\"index, follow, max-snippet:-1, max-image-preview:large, max-video-preview:-1\" \/>\n<link rel=\"canonical\" href=\"https:\/\/mc.korty.org\/?page_id=642\" \/>\n<meta property=\"og:locale\" content=\"pl_PL\" \/>\n<meta property=\"og:type\" content=\"article\" \/>\n<meta property=\"og:title\" content=\"Mazowsze Cup U12 -\" \/>\n<meta property=\"og:description\" content=\"CH12 DZ12 Termin: 11.10.2025 Korty: AG TENIS Chorzowska \ud83d\udc66 Ch\u0142opcy U12 Faza grupowa Grupa A Izbor Pawluk-Jaszczuk Ignacy Duliniec WO Wiktor \u0141ady\u017cy\u0144ski Ignacy Duliniec WO Izbor Pawluk-Jaszczuk Wiktor \u0141ady\u017cy\u0144ski 4\/0 4\/2 Grupa B Wiktor Wicherski Hugo G\u0142uszak 4\/0 4\/0 Wiktor Wicherski Piotr Nyc 4\/3 4\/1 Hugo G\u0142uszak Piotr Nyc 4\/1 4\/1 Grupa C Jan Sulima ... Dowiedz si\u0119 wi\u0119cej\" \/>\n<meta property=\"og:url\" content=\"https:\/\/mc.korty.org\/?page_id=642\" \/>\n<meta property=\"article:modified_time\" content=\"2025-10-15T21:43:42+00:00\" \/>\n<meta name=\"twitter:card\" content=\"summary_large_image\" \/>\n<meta name=\"twitter:label1\" content=\"Szacowany czas czytania\" \/>\n\t<meta name=\"twitter:data1\" content=\"2 minuty\" \/>\n<script type=\"application\/ld+json\" class=\"yoast-schema-graph\">{\"@context\":\"https:\/\/schema.org\",\"@graph\":[{\"@type\":\"WebPage\",\"@id\":\"https:\/\/mc.korty.org\/?page_id=642\",\"url\":\"https:\/\/mc.korty.org\/?page_id=642\",\"name\":\"Mazowsze Cup U12 -\",\"isPartOf\":{\"@id\":\"https:\/\/mc.korty.org\/#website\"},\"datePublished\":\"2025-10-15T21:43:20+00:00\",\"dateModified\":\"2025-10-15T21:43:42+00:00\",\"breadcrumb\":{\"@id\":\"https:\/\/mc.korty.org\/?page_id=642#breadcrumb\"},\"inLanguage\":\"pl-PL\",\"potentialAction\":[{\"@type\":\"ReadAction\",\"target\":[\"https:\/\/mc.korty.org\/?page_id=642\"]}]},{\"@type\":\"BreadcrumbList\",\"@id\":\"https:\/\/mc.korty.org\/?page_id=642#breadcrumb\",\"itemListElement\":[{\"@type\":\"ListItem\",\"position\":1,\"name\":\"Strona g\u0142\u00f3wna\",\"item\":\"https:\/\/mc.korty.org\/\"},{\"@type\":\"ListItem\",\"position\":2,\"name\":\"Mazowsze Cup U12\"}]},{\"@type\":\"WebSite\",\"@id\":\"https:\/\/mc.korty.org\/#website\",\"url\":\"https:\/\/mc.korty.org\/\",\"name\":\"\",\"description\":\"\",\"potentialAction\":[{\"@type\":\"SearchAction\",\"target\":{\"@type\":\"EntryPoint\",\"urlTemplate\":\"https:\/\/mc.korty.org\/?s={search_term_string}\"},\"query-input\":{\"@type\":\"PropertyValueSpecification\",\"valueRequired\":true,\"valueName\":\"search_term_string\"}}],\"inLanguage\":\"pl-PL\"}]}<\/script>\n<!-- \/ Yoast SEO plugin. -->","yoast_head_json":{"title":"Mazowsze Cup U12 -","robots":{"index":"index","follow":"follow","max-snippet":"max-snippet:-1","max-image-preview":"max-image-preview:large","max-video-preview":"max-video-preview:-1"},"canonical":"https:\/\/mc.korty.org\/?page_id=642","og_locale":"pl_PL","og_type":"article","og_title":"Mazowsze Cup U12 -","og_description":"CH12 DZ12 Termin: 11.10.2025 Korty: AG TENIS Chorzowska \ud83d\udc66 Ch\u0142opcy U12 Faza grupowa Grupa A Izbor Pawluk-Jaszczuk Ignacy Duliniec WO Wiktor \u0141ady\u017cy\u0144ski Ignacy Duliniec WO Izbor Pawluk-Jaszczuk Wiktor \u0141ady\u017cy\u0144ski 4\/0 4\/2 Grupa B Wiktor Wicherski Hugo G\u0142uszak 4\/0 4\/0 Wiktor Wicherski Piotr Nyc 4\/3 4\/1 Hugo G\u0142uszak Piotr Nyc 4\/1 4\/1 Grupa C Jan Sulima ... Dowiedz si\u0119 wi\u0119cej","og_url":"https:\/\/mc.korty.org\/?page_id=642","article_modified_time":"2025-10-15T21:43:42+00:00","twitter_card":"summary_large_image","twitter_misc":{"Szacowany czas czytania":"2 minuty"},"schema":{"@context":"https:\/\/schema.org","@graph":[{"@type":"WebPage","@id":"https:\/\/mc.korty.org\/?page_id=642","url":"https:\/\/mc.korty.org\/?page_id=642","name":"Mazowsze Cup U12 -","isPartOf":{"@id":"https:\/\/mc.korty.org\/#website"},"datePublished":"2025-10-15T21:43:20+00:00","dateModified":"2025-10-15T21:43:42+00:00","breadcrumb":{"@id":"https:\/\/mc.korty.org\/?page_id=642#breadcrumb"},"inLanguage":"pl-PL","potentialAction":[{"@type":"ReadAction","target":["https:\/\/mc.korty.org\/?page_id=642"]}]},{"@type":"BreadcrumbList","@id":"https:\/\/mc.korty.org\/?page_id=642#breadcrumb","itemListElement":[{"@type":"ListItem","position":1,"name":"Strona g\u0142\u00f3wna","item":"https:\/\/mc.korty.org\/"},{"@type":"ListItem","position":2,"name":"Mazowsze Cup U12"}]},{"@type":"WebSite","@id":"https:\/\/mc.korty.org\/#website","url":"https:\/\/mc.korty.org\/","name":"","description":"","potentialAction":[{"@type":"SearchAction","target":{"@type":"EntryPoint","urlTemplate":"https:\/\/mc.korty.org\/?s={search_term_string}"},"query-input":{"@type":"PropertyValueSpecification","valueRequired":true,"valueName":"search_term_string"}}],"inLanguage":"pl-PL"}]}},"_links":{"self":[{"href":"https:\/\/mc.korty.org\/index.php?rest_route=\/wp\/v2\/pages\/642","targetHints":{"allow":["GET"]}}],"collection":[{"href":"https:\/\/mc.korty.org\/index.php?rest_route=\/wp\/v2\/pages"}],"about":[{"href":"https:\/\/mc.korty.org\/index.php?rest_route=\/wp\/v2\/types\/page"}],"author":[{"embeddable":true,"href":"https:\/\/mc.korty.org\/index.php?rest_route=\/wp\/v2\/users\/1"}],"replies":[{"embeddable":true,"href":"https:\/\/mc.korty.org\/index.php?rest_route=%2Fwp%2Fv2%2Fcomments&post=642"}],"version-history":[{"count":2,"href":"https:\/\/mc.korty.org\/index.php?rest_route=\/wp\/v2\/pages\/642\/revisions"}],"predecessor-version":[{"id":644,"href":"https:\/\/mc.korty.org\/index.php?rest_route=\/wp\/v2\/pages\/642\/revisions\/644"}],"wp:attachment":[{"href":"https:\/\/mc.korty.org\/index.php?rest_route=%2Fwp%2Fv2%2Fmedia&parent=642"}],"curies":[{"name":"wp","href":"https:\/\/api.w.org\/{rel}","templated":true}]}}